 is m(o)?
-107
Let p(v) = -48*v + 3. Let s be p(3). Let u(d) = 16*d + 227. Let l be u(-5). Let r = s + l. Let f(j) = j**3 - 7*j**2 + 7*j - 5. Give f(r).
1
Suppose 3*o = -4*w + 465 + 101, 0 = -4*w - 4. Let l(d) = -194 + 2*d - o + 387. Calculate l(3).
9
Let v(w) be the first derivative of w**2/2 + 8*w + 2. Let j be (-6)/(-54)*-3*-21. Suppose -24 = j*b - b. Determine v(b).
4
Let c = 31835 + -31833. Let p(o) = o - 2. Give p(c).
0
Let l(k) = 4*k**2 - k. Let j be l(-1). Let b(n) be the second derivative of -5/2*n**2 - 11*n + 0 + 1/2*n**3. Calculate b(j).
10
Let f(b) be the first derivative of -26*b - 1/2*b**2 + 29. What is f(0)?
-26
Suppose 0 = -5*t - 5*q + 100, 20*t - 21*t = 3*q - 32. Let x(g) = 9*g - 131. What is x(t)?
-5
Let c(h) = -14739 + 44224 - 14735 - 14723 + h**2 - 26*h. Give c(26).
27
Let y(v) be the first derivative of -v**4/12 + 11*v**3/6 - 4*v**2 + 68*v - 6. Let m(j) be the first derivative of y(j). Give m(8).
16
Let j(l) = -l + 1. Let d(z) = -z**3 - 3*z**2 - z - 57. Let v be d(-5). Let n(h) = -h - 1. Let a(m) = v*j(m) + n(m). Give a(7).
4
Let i(h) = 2*h + 0*h - 3*h - 128 + 34 + 45. Calculate i(-15).
-34
Let o = 610 - 595. Let u(c) = o*c - 5*c + 5746*c**2 - 13 + c**3 - 5735*c**2. Give u(-10).
-13
Let w(n) = -36*n - 375. Let p(j) = j + 11. Let f(d) = -66*p(d) - 2*w(d). Determine f(-5).
-6
Let n(v) = v**2 - 6*v + 6. Suppose -1008*i + 7 = -1022*i + 21. Calculate n(i).
1
Let w be ((-24)/(-15))/(2/230). Let f = 188 - w. Let b(v) = -v**3 + 4*v**2 + v - 3. What is b(f)?
1
Let n(w) be the second derivative of 1 - 1/2*w**2 - 2/3*w**3 - 1/12*w**4 + 18*w. Suppose 4*a + 19 = 3. What is n(a)?
-1
Let f(d) be the second derivative of -d**6/360 - d**5/12 + d**4/6 + 8*d**3 + 122*d. Let g(u) be the second derivative of f(u). Calculate g(-8).
20
Let f(t) be the first derivative of t**5/20 + t**4/8 - t**3/3 + 213*t**2/2 + 66. Let w(r) be the second derivative of f(r). What is w(2)?
16
Let n be (-3 - -3) + 3 - 6. Let x be -5 + 4/12*n. Let p(a) = a**3 + 5*a**2 - 5*a + 7. Let c be p(x). Let w(b) = -6*b**3 + 2*b - 1. What is w(c)?
-5
Suppose 5 = -2*p - 3*p. Let k be 1/2*(-21 + p). Let r(t) = -t**3 - 10*t**2 + 10*t - 16. Let n be r(k). Let m(j) = -j**3 - 5*j**2 + 2*j + 6. Give m(n).
-4
Let s(o) = 720*o - 1089*o + 375*o + 1. Suppose 4*d - 3 = 5*d. Calculate s(d).
-17
Suppose d = 3, -3*d = -5*l - 12 + 3. Suppose -u = -2*u + 4. Let g(s) = -u*s + 9*s + l*s - 2 - 1. What is g(2)?
7
Let r(m) = m**3 + 800836*m + 5*m**2 + 4*m**2 - 1 - 800830*m - 4*m**2 + 2*m**2. Let k(d) = -2*d + 14. Let z be k(10). Give r(z).
-1
Let s(j) be the second derivative of -j**4/24 - j**3/2 - 16*j**2 - 39*j. Let o(x) be the first derivative of s(x). Calculate o(-8).
5
Suppose 5*q - 2*x = -71, -2*q + 5*x = -4*q - 11. Let b be -2 + q/(26/(-8)). Let f(o) = 7*o**2 - 3*o + 3. What is f(b)?
25
Suppose 3*d = 15, 33 = -9*o + 6*o + 3*d. Let y(b) = b**3 + 7*b**2 + 7*b + 9. What is y(o)?
3
Suppose 5*i + 38 = b, -b - 4*i = -2*i - 3. Suppose 0 = -6*v + b + 17. Let f(u) = -u**2 + 4*u + 3. Determine f(v).
-2
Let s(t) = -2 + 2*t**2 + t**2 + 4*t**2 + 15*t - 3*t**2 - 7*t**2. Determine s(5).
-2
Let s(b) be the second derivative of 5*b**2 - 43 + 1/6*b**3 - 2*b. Give s(8).
18
Let u(g) be the second derivative of g**5/20 - 7*g**4/12 - g**3/2 + 2*g**2 - 13*g - 27. Give u(7).
-17
Let j(q) be the second derivative of -3*q**3/2 + 56*q**2 + 210*q + 1. What is j(12)?
4
Let o(x) = -x - 9 - 9*x + x**2 + 12. Let g be o(9). Let s be g/6 - 1*5. Let c(u) = -u**2 - 8*u - 3. What is c(s)?
9
Let n(f) = f + 3. Suppose 30*v - 9*v = 105. Suppose -4*p + 3*w - 34 = 0, -p - v*w + 74 = 94. What is n(p)?
-7
Let m(p) = -p**2 + 19*p - 2. Suppose 0 = -33*q - 39*q - 89*q + 2576. What is m(q)?
46
Let s(a) = -a**2 + 14*a + 39. Let w be s(16). Let y(t) = 3 + w - 14 + 8 - 8*t. Determine y(3).
-20
Let c(g) = -16*g - 44. Let v(s) = 31*s + 71. Let n(f) = -5*c(f) - 3*v(f). Determine n(6).
-71
Let l(k) = -4*k - 2. Let h(d) = -13*d - 5. Suppose -s + 10*s - 63 = 0. Let f(t) = s*l(t) - 2*h(t). Determine f(-5).
6
Suppose -104 = 34*k + 70*k. Let h(o) = -11*o + 2. What is h(k)?
13
Let o = 92028 + -92032. Let n(r) = 0*r**2 - 3 + r**2 + 3*r**2 + r**3 + r. Calculate n(o).
-7
Let m be ((-3)/3)/((-3)/12). Let c(p) = -1 + 7*p + 2*p + p**2 - m*p + 7. Determine c(-4).
2
Let g(q) be the third derivative of q**6/120 + q**5/12 - q**4/24 - q**3/3 - 667*q**2. Determine g(-5).
3
Let h(t) be the second derivative of t**3/6 - 11*t**2 + 6701*t. Give h(21).
-1
Let u(p) = p**3 + 7*p**2 + 11*p + 34. Suppose -2 = 3*m + 2*z - 6*z, 5*m + 14 = 4*z. Determine u(m).
4
Let q(m) = m**2 - 39*m + 36. Let j be q(38). Let d be ((0*4/16)/j)/(-1). Let v(h) = -2*h + 2. Give v(d).
2
Suppose 10*v - 129 = -89. Let g(y) = -y**3 + 4*y**2 + 3*y - 3. Calculate g(v).
9
Let j(i) = i + 12. Suppose -m - 3*l + 21 = 0, -m - 4*l = 2403 - 2432. Give j(m).
9
Let m(r) = -32*r**2 - 10*r + 39. Let k(c) = -27*c**2 - 8*c + 37. Let t(o) = -6*k(o) + 5*m(o). Give t(4).
-3
Let l(c) = 700 - 781 + 0*c - 11*c. What is l(-8)?
7
Let w = -12740 - -12745. Let z(n) = 29*n - 143. Calculate z(w).
2
Let k = 467 + -473. Let m(s) = -7*s - 3. Let g(l) = -20*l - 8. Suppose 4*j = -r + 72, -j - 14 = -3*j + 5*r. Let u(a) = j*m(a) + k*g(a). Give u(2).
-1
Let r = 27044 - 27036. Let p(u) = 3*u - 37. What is p(r)?
-13
Let v(q) = -q**2 + 6*q + 8. Let g be v(8). Let r be 50/40*g/2. Let j be 2*-3*r/(-30). Let z(s) = 2*s**3 + 1. Determine z(j).
-1
Let r(z) = z**3 + 10*z**2 + 8*z - 12. Let w(s) = -27*s - 170. Let u be w(-6). Calculate r(u).
52
Let z(u) be the third derivative of -17*u**4/24 - 19*u**2 - u + 24. Give z(-6).
102
Let z(w) = w**3 + 7*w**2 - 4*w + 5. Let x = 100 + -46. Let d = -62 + x. What is z(d)?
-27
Let g(p) = -14*p**2 + 5*p - 12. Let s = 25713 - 25710. Calculate g(s).
-123
Let a(y) = -y**2. Let u = -42 + 41. Let k(o) = -6*o**2 + 3*o + 34. Let l(x) = u*k(x) + 3*a(x). Let h(d) be the first derivative of l(d). Give h(2).
9
Let m(v) = -25*v**3 + 8*v**2 - 43*v + 16. Let r(l) = 12*l**3 - 3*l**2 + 17*l - 7. Let z(s) = -2*m(s) - 5*r(s). Give z(-1).
11
Let d(u) = 31*u + 5. Let a(l) = 7*l + 1. Let i(x) = -9*a(x) + 2*d(x). Let r(w) = -6*w + 15. Let j(y) = -5*i(y) + r(y). Calculate j(5).
5
Let k(n) = -1533*n. Let f(x) = 82*x. Let b(d) = -56*f(d) - 3*k(d). Calculate b(-10).
-70
Let f(w) = 2*w**3 - 14*w**2 + 3*w - 12. Let d(q) = -2*q**2 + 5*q + 355. Let j be d(-12). Determine f(j).
9
Suppose -52*s = -57*s + 40. Suppose -4*i + s = -19*o + 17*o, -5*i = 2*o - 19. Let w(q) = -8*q + 6. Calculate w(o).
-10
Let z(v) = -4*v - 3. Let x be z(-6). Suppose 3*o + x = -3. Let b(s) be the first derivative of -s**4/4 - 8*s**3/3 - s + 189. Calculate b(o).
-1
Let k(d) = 3*d - 3. Let z(t) = 3*t - 4. Suppose -3*c - 2*h = -2, 2*c - h - 1 = 12. Let p(q) = c*z(q) - 3*k(q). Let l be 20*(-1)/(-1 + -3). What is p(l)?
8
Let b(d) = -d**2 - 8*d - 2. Suppose r - 5*k + 2*k = -6, -2*r - k + 9 = 0. Suppose -3*x = -o + 5, 7*o + 36 = r*o - 2*x. Determine b(o).
5
Let g(x) = -6*x - 34. Suppose 3*f = 3*j + 18, 2*f - 4 + 20 = -5*j. Calculate g(j).
-10
Let x(w) = -w**2 + 9*w + 5. Let n be (2/(-7))/((-60)/1680). Give x(n).
13
Let a(c) = c**2 - 171*c + 995. Let y be a(6). Let l(d) = -2*d**2 + d. Calculate l(y).
-45
Let i(h) be the second derivative of h**7/840 - h**6/30 - h**5/10 - h**4/2 - 217*h**3/6 + 38*h. Let q(a) be the second derivative of i(a). What is q(13)?
1
Let v(i) = i**3 - i**2 + 2*i + 6. Suppose 2*t + 12 = -3*f + 18, 4*f = 2*t + 8. What is v(t)?
6
Let q be (-1)/((-15)/10 + 1). Let j(o) = 4 - 6*o**2 - q*o**3 - 5*o - 5 + 2*o + 7*o + 3*o**3. What is j(5)?
-6
Suppose 12 = -4*x, 2*p - 18 = -2*x + 46. Suppose -3*g - p = -8*g. Let y(f) = -f**3 - 4 + g*f**2 - 5*f + 8 - 6*f**2 - 7*f**2. Calculate y(-5).
4
Let b be 0 - (-3)/(-9)*(30/6 + -14). Let r(y) = y - 4. Determine r(b).
-1
Let i(y) be the second derivative of 41*y + 7/2*y**2 + 5/6*y**3 + 0. Give i(5).
32
Let s(k) = -1 - 9*k + k**2 - 3 + 0 - 1 + 0*k**2. Let a be 1*8*(17 + -16). Calculate s(a).
-13
Let o(z) be the second derivative of -z**5/20 + 7*z**4/12 + 7*z**3/6 - 7*z**2/2 + 105*z + 4. Give o(8).
-15
Let d(t) = -101*t + 252. Let b(z) = -83*z + 251. Let p(r) = -6*b(r) + 5*d(r). Determine p(-33).
-15
Let m(f) = -f**2 + 5*f + 4. Let a be m(5). Let j(r) = 3049*r + a - r**2 - 3049*r. What is j(-3)?
-5
Let k(w) = 5*w**